{"id":61,"date":"2025-06-12T23:59:12","date_gmt":"2025-06-12T23:59:12","guid":{"rendered":"http:\/\/www.bbtaltyapi.com\/?page_id=61"},"modified":"2025-06-13T18:02:30","modified_gmt":"2025-06-13T18:02:30","slug":"projelerimiz","status":"publish","type":"page","link":"https:\/\/www.bbtaltyapi.com\/?page_id=61","title":{"rendered":"Projelerimiz"},"content":{"rendered":"\n<div class=\"wp-block-group alignfull has-surface-background-color has-background has-global-padding is-layout-constrained wp-container-core-group-is-layout-713c14a2 wp-block-group-is-layout-constrained\" style=\"padding-top:var(--wp--preset--spacing--xx-large);padding-right:var(--wp--preset--spacing--x-small);padding-bottom:var(--wp--preset--spacing--xx-large);padding-left:var(--wp--preset--spacing--x-small)\">\n<div class=\"wp-block-columns animated animated-fadeInUp is-layout-flex wp-container-core-columns-is-layout-7b537dc7 wp-block-columns-is-layout-flex\" style=\"padding-top:15px;padding-bottom:15px\">\n<div class=\"wp-block-column is-layout-flow wp-block-column-is-layout-flow\" style=\"flex-basis:49%\">\n<figure class=\"wp-block-image size-full has-custom-border\"><img loading=\"lazy\" decoding=\"async\" width=\"1302\" height=\"1102\" src=\"http:\/\/www.bbtaltyapi.com\/wp-content\/uploads\/2025\/06\/86025e0f-848e-4664-b105-245b277b376a.jpg\" alt=\"\" class=\"wp-image-92\" style=\"border-radius:6px\" srcset=\"https:\/\/www.bbtaltyapi.com\/wp-content\/uploads\/2025\/06\/86025e0f-848e-4664-b105-245b277b376a.jpg 1302w, https:\/\/www.bbtaltyapi.com\/wp-content\/uploads\/2025\/06\/86025e0f-848e-4664-b105-245b277b376a-300x254.jpg 300w, https:\/\/www.bbtaltyapi.com\/wp-content\/uploads\/2025\/06\/86025e0f-848e-4664-b105-245b277b376a-1024x867.jpg 1024w, https:\/\/www.bbtaltyapi.com\/wp-content\/uploads\/2025\/06\/86025e0f-848e-4664-b105-245b277b376a-768x650.jpg 768w\" sizes=\"auto, (max-width: 1302px) 100vw, 1302px\" \/><\/figure>\n\n\n\n<h5 class=\"wp-block-heading has-text-align-center has-neutral-color has-text-color has-link-color wp-elements-715d5f321a0027a6039e197ab9fb29a1\" style=\"padding-top:var(--wp--preset--spacing--x-small);padding-bottom:0;letter-spacing:-0.02em;line-height:1.2\">Hatay \u0130li 2. B\u00f6lge \u0130l\u00e7elerine Ba\u011fl\u0131 Mahallelerinin \u0130\u00e7me Suyu Ve Kanalizasyon \u2013 Ya\u011fmursuyu Hatlar\u0131 Yap\u0131m \u0130\u015fi<\/h5>\n\n\n\n<div class=\"wp-block-buttons animated animated-fadeInUp is-content-justification-center is-layout-flex wp-container-core-buttons-is-layout-88ed8a32 wp-block-buttons-is-layout-flex\" style=\"margin-bottom:var(--wp--preset--spacing--small)\">\n<div class=\"wp-block-button\"><a class=\"wp-block-button__link has-background wp-element-button\" href=\"http:\/\/www.bbtaltyapi.com\/?page_id=119\" style=\"border-radius:50px;background-color:#1565c0;padding-top:16px;padding-right:20px;padding-bottom:16px;padding-left:20px\">Proje Detay\u0131<\/a><\/div>\n<\/div>\n<\/div>\n\n\n\n<div class=\"wp-block-column is-layout-flow wp-block-column-is-layout-flow\" style=\"border-right-color:var(--wp--preset--color--outline);border-right-width:1px;border-bottom-color:var(--wp--preset--color--outline);border-bottom-width:1px;padding-right:0;padding-left:0;flex-basis:1px\"><\/div>\n\n\n\n<div class=\"wp-block-column is-layout-flow wp-block-column-is-layout-flow\" style=\"flex-basis:49%\">\n<figure class=\"wp-block-image size-full has-custom-border\"><img loading=\"lazy\" decoding=\"async\" width=\"1600\" height=\"1018\" src=\"http:\/\/www.bbtaltyapi.com\/wp-content\/uploads\/2025\/06\/e1dfc8ab-91fe-46f8-88c7-0fbdfc5e3fbd.png\" alt=\"\" class=\"wp-image-96\" style=\"border-radius:6px\" srcset=\"https:\/\/www.bbtaltyapi.com\/wp-content\/uploads\/2025\/06\/e1dfc8ab-91fe-46f8-88c7-0fbdfc5e3fbd.png 1600w, https:\/\/www.bbtaltyapi.com\/wp-content\/uploads\/2025\/06\/e1dfc8ab-91fe-46f8-88c7-0fbdfc5e3fbd-300x191.png 300w, https:\/\/www.bbtaltyapi.com\/wp-content\/uploads\/2025\/06\/e1dfc8ab-91fe-46f8-88c7-0fbdfc5e3fbd-1024x652.png 1024w, https:\/\/www.bbtaltyapi.com\/wp-content\/uploads\/2025\/06\/e1dfc8ab-91fe-46f8-88c7-0fbdfc5e3fbd-768x489.png 768w, https:\/\/www.bbtaltyapi.com\/wp-content\/uploads\/2025\/06\/e1dfc8ab-91fe-46f8-88c7-0fbdfc5e3fbd-1536x977.png 1536w\" sizes=\"auto, (max-width: 1600px) 100vw, 1600px\" \/><\/figure>\n\n\n\n<h5 class=\"wp-block-heading has-text-align-center has-neutral-color has-text-color has-link-color wp-elements-f37a0b55b2944dbf43f2528e7802c506\" style=\"padding-top:var(--wp--preset--spacing--small);padding-bottom:0;letter-spacing:-0.02em;line-height:1.2\">Yozgat \u0130li Sorgun \u0130l\u00e7esi Deliba\u015f Ta\u015fk\u0131n Kontrol\u00fc 3. K\u0131s\u0131m Projesi<\/h5>\n\n\n\n<div class=\"wp-block-buttons animated animated-fadeInUp is-content-justification-center is-layout-flex wp-container-core-buttons-is-layout-b7e311b8 wp-block-buttons-is-layout-flex\" style=\"margin-bottom:var(--wp--preset--spacing--medium)\">\n<div class=\"wp-block-button\"><a class=\"wp-block-button__link has-background wp-element-button\" href=\"http:\/\/www.bbtaltyapi.com\/?page_id=101\" style=\"border-radius:50px;background-color:#1565c0;padding-top:16px;padding-right:20px;padding-bottom:16px;padding-left:20px\">Proje Detay\u0131<\/a><\/div>\n<\/div>\n<\/div>\n<\/div>\n\n\n\n<div class=\"wp-block-columns animated animated-fadeInUp is-layout-flex wp-container-core-columns-is-layout-909e6e83 wp-block-columns-is-layout-flex\" style=\"padding-top:20px;padding-bottom:20px\">\n<div class=\"wp-block-column is-layout-flow wp-block-column-is-layout-flow\" style=\"flex-basis:49%\">\n<figure class=\"wp-block-image size-full has-custom-border\"><img loading=\"lazy\" decoding=\"async\" width=\"1600\" height=\"721\" src=\"http:\/\/www.bbtaltyapi.com\/wp-content\/uploads\/2025\/06\/97c52b9e-eed1-4653-91da-c2eee67bd2b4.png\" alt=\"\" class=\"wp-image-98\" style=\"border-radius:6px\" srcset=\"https:\/\/www.bbtaltyapi.com\/wp-content\/uploads\/2025\/06\/97c52b9e-eed1-4653-91da-c2eee67bd2b4.png 1600w, https:\/\/www.bbtaltyapi.com\/wp-content\/uploads\/2025\/06\/97c52b9e-eed1-4653-91da-c2eee67bd2b4-300x135.png 300w, https:\/\/www.bbtaltyapi.com\/wp-content\/uploads\/2025\/06\/97c52b9e-eed1-4653-91da-c2eee67bd2b4-1024x461.png 1024w, https:\/\/www.bbtaltyapi.com\/wp-content\/uploads\/2025\/06\/97c52b9e-eed1-4653-91da-c2eee67bd2b4-768x346.png 768w, https:\/\/www.bbtaltyapi.com\/wp-content\/uploads\/2025\/06\/97c52b9e-eed1-4653-91da-c2eee67bd2b4-1536x692.png 1536w\" sizes=\"auto, (max-width: 1600px) 100vw, 1600px\" \/><\/figure>\n\n\n\n<h5 class=\"wp-block-heading has-text-align-center has-neutral-color has-text-color has-link-color wp-elements-48b4674ddd278cf7c55cde8faead94c1\" style=\"padding-top:var(--wp--preset--spacing--x-small);padding-bottom:0;letter-spacing:-0.02em;line-height:1.2\">Antakya Bord\u00fcr \u0130\u015fi Ve \u00dcstyap\u0131 \u0130\u015fi<\/h5>\n\n\n\n<div class=\"wp-block-buttons animated animated-fadeInUp is-content-justification-center is-layout-flex wp-container-core-buttons-is-layout-88ed8a32 wp-block-buttons-is-layout-flex\" style=\"margin-bottom:var(--wp--preset--spacing--small)\">\n<div class=\"wp-block-button\"><a class=\"wp-block-button__link has-background wp-element-button\" href=\"http:\/\/www.bbtaltyapi.com\/?page_id=142\" style=\"border-radius:50px;background-color:#1565c0;padding-top:16px;padding-right:20px;padding-bottom:16px;padding-left:20px\">Proje Detay\u0131<\/a><\/div>\n<\/div>\n<\/div>\n\n\n\n<div class=\"wp-block-column is-layout-flow wp-block-column-is-layout-flow\" style=\"border-right-color:var(--wp--preset--color--outline);border-right-width:1px;border-bottom-color:var(--wp--preset--color--outline);border-bottom-width:1px;padding-right:0;padding-left:0;flex-basis:1px\"><\/div>\n\n\n\n<div class=\"wp-block-column is-layout-flow wp-block-column-is-layout-flow\" style=\"flex-basis:49%\">\n<figure class=\"wp-block-image size-full has-custom-border\"><img loading=\"lazy\" decoding=\"async\" width=\"550\" height=\"293\" src=\"http:\/\/www.bbtaltyapi.com\/wp-content\/uploads\/2025\/06\/ins-1.jpg\" alt=\"\" class=\"wp-image-99\" style=\"border-radius:6px\" srcset=\"https:\/\/www.bbtaltyapi.com\/wp-content\/uploads\/2025\/06\/ins-1.jpg 550w, https:\/\/www.bbtaltyapi.com\/wp-content\/uploads\/2025\/06\/ins-1-300x160.jpg 300w\" sizes=\"auto, (max-width: 550px) 100vw, 550px\" \/><\/figure>\n\n\n\n<h5 class=\"wp-block-heading has-text-align-center has-neutral-color has-text-color has-link-color wp-elements-e3a9b19a4ade55b42069d3615ab98c90\" style=\"padding-top:var(--wp--preset--spacing--small);padding-bottom:0;letter-spacing:-0.02em;line-height:1.2\">T\u00fcrkiye Geneli Muhtelif \u0130n\u015faat \u0130\u015fleri<\/h5>\n<\/div>\n<\/div>\n<\/div>\n","protected":false},"excerpt":{"rendered":"<p>Hatay \u0130li 2. B\u00f6lge \u0130l\u00e7elerine Ba\u011fl\u0131 Mahallelerinin \u0130\u00e7me Suyu Ve Kanalizasyon \u2013 Ya\u011fmursuyu Hatlar\u0131 Yap\u0131m \u0130\u015fi Yozgat \u0130li Sorgun \u0130l\u00e7esi Deliba\u015f Ta\u015fk\u0131n Kontrol\u00fc 3. K\u0131s\u0131m Projesi Antakya Bord\u00fcr \u0130\u015fi Ve \u00dcstyap\u0131 \u0130\u015fi T\u00fcrkiye Geneli Muhtelif \u0130n\u015faat \u0130\u015fleri<\/p>\n","protected":false},"author":1,"featured_media":0,"parent":0,"menu_order":0,"comment_status":"closed","ping_status":"closed","template":"simple-sablon","meta":{"footnotes":""},"class_list":["post-61","page","type-page","status-publish","hentry"],"_links":{"self":[{"href":"https:\/\/www.bbtaltyapi.com\/index.php?rest_route=\/wp\/v2\/pages\/61","targetHints":{"allow":["GET"]}}],"collection":[{"href":"https:\/\/www.bbtaltyapi.com\/index.php?rest_route=\/wp\/v2\/pages"}],"about":[{"href":"https:\/\/www.bbtaltyapi.com\/index.php?rest_route=\/wp\/v2\/types\/page"}],"author":[{"embeddable":true,"href":"https:\/\/www.bbtaltyapi.com\/index.php?rest_route=\/wp\/v2\/users\/1"}],"replies":[{"embeddable":true,"href":"https:\/\/www.bbtaltyapi.com\/index.php?rest_route=%2Fwp%2Fv2%2Fcomments&post=61"}],"version-history":[{"count":16,"href":"https:\/\/www.bbtaltyapi.com\/index.php?rest_route=\/wp\/v2\/pages\/61\/revisions"}],"predecessor-version":[{"id":169,"href":"https:\/\/www.bbtaltyapi.com\/index.php?rest_route=\/wp\/v2\/pages\/61\/revisions\/169"}],"wp:attachment":[{"href":"https:\/\/www.bbtaltyapi.com\/index.php?rest_route=%2Fwp%2Fv2%2Fmedia&parent=61"}],"curies":[{"name":"wp","href":"https:\/\/api.w.org\/{rel}","templated":true}]}}